{"id":1011,"date":"2014-08-08T19:51:44","date_gmt":"2014-08-08T18:51:44","guid":{"rendered":"http:\/\/www.astro-ge.net\/?page_id=1011"},"modified":"2019-05-11T11:12:14","modified_gmt":"2019-05-11T10:12:14","slug":"devenir-membre","status":"publish","type":"page","link":"https:\/\/www.astro-ge.net\/?page_id=1011","title":{"rendered":"Devenir membre de la SAG"},"content":{"rendered":"\n<iframe loading=\"lazy\" style=\"border: none; overflow: hidden; height: 40px;\" src=\"\/\/www.facebook.com\/plugins\/like.php?href=http%3A%2F%2Fwww.astro-ge.net%2F%3Fpage_id%3D1011&amp;width&amp;layout=standard&amp;action=like&amp;show_faces=true&amp;share=true&amp;height=40\" scrolling=\"no\" width=\"300\" height=\"150\" frameborder=\"0\"><span style=\"display: inline-block; width: 0px; overflow: hidden; line-height: 0;\" data-mce-type=\"bookmark\" class=\"mce_SELRES_start\">\ufeff<\/span><\/iframe>\n\n\n\n<p><br><strong>Quels sont les b\u00e9n\u00e9fices d&rsquo;\u00eatre membre ?<br><\/strong><span style=\"text-decoration: underline;\">Liste de diffusion par email<\/span><br>Si vous le souhaitez, vous pouvez faire partie de notre liste de diffusion par e-mail. Cette liste vous permet de :<\/p>\n\n\n\n<ul class=\"wp-block-list\"><li>\u00eatre en relation avec l&rsquo;ensemble de nos membres.<\/li><li>vous tenir inform\u00e9 des sorties astronomiques spontan\u00e9es.<\/li><li>partager un fait d&rsquo;actualit\u00e9 scientifique sur l&rsquo;astronomie.<\/li><li>d\u00e9battre sur un sujet astronomique.<\/li><li>\u00e9changer des conseils.<\/li><li>partager des r\u00e9cits de voyages astronomiques (ex: \u00e9clipses).<\/li><li>diffuser vos photos astronomiques.<\/li><\/ul>\n\n\n\n<p><span style=\"text-decoration: underline;\">Activit\u00e9s<br><\/span>En \u00e9tant membre, vous pouvez :<\/p>\n\n\n\n<ul class=\"wp-block-list\"><li>avoir acc\u00e8s \u00e0 l&rsquo;int\u00e9gralit\u00e9 de nos <a href=\"https:\/\/www.astro-ge.net\/?page_id=772\" target=\"_blank\" rel=\"noopener noreferrer\"><strong>activit\u00e9s<\/strong><\/a>. Vous participez alors \u00e0 l&rsquo;activit\u00e9 de notre soci\u00e9t\u00e9 lorsque vous le souhaitez. Il n&rsquo;y aucune obligation d&rsquo;\u00eatre pr\u00e9sent \u00e0 chaque rendez-vous.<\/li><li>avoir l&rsquo;opportunit\u00e9 de tisser des liens avec des personnes partageant le m\u00eame int\u00e9r\u00eat.<\/li><li>obtenir des r\u00e9ponses \u00e0 vos questions gr\u00e2ce \u00e0 l&rsquo;\u00e9mulation entre membres.<\/li><li>avoir acc\u00e8s aux instruments de la Soci\u00e9t\u00e9 Astrononomique de Gen\u00e8ve gr\u00e2ce aux membres du comit\u00e9<\/li><li>emprunter des ouvrages aupr\u00e8s de notre biblioth\u00e8que.<\/li><\/ul>\n\n\n\n<p><strong>Comment devenir membre de la Soci\u00e9t\u00e9 Astronomique de Gen\u00e8ve<\/strong><br>Si vous souhaitez rejoindre notre soci\u00e9t\u00e9, il suffit de vous rendre \u00e0 notre local dont l&rsquo;adresse postale est accessible \u00e0 ce <strong><a href=\"https:\/\/www.astro-ge.net\/?page_id=1963\" target=\"_blank\" rel=\"noopener noreferrer\">lien <\/a><\/strong>pour y remplir le bulletin d&rsquo;admission qui vous sera remis par un membre du comit\u00e9 (article 11 de nos <strong><a href=\"https:\/\/www.astro-ge.net\/?page_id=459\" target=\"_blank\" rel=\"noopener noreferrer\">statuts<\/a><\/strong>).<\/p>\n\n\n\n<p>Merci de consulter notre<strong> <a href=\"https:\/\/www.astro-ge.net\/?page_id=772\" target=\"_blank\" rel=\"noopener noreferrer\">programme d&rsquo;activit\u00e9<\/a> <\/strong>afin de conna\u00eetre les horaires d&rsquo;ouverture de notre local. Avant de venir et afin de vous assurer qu&rsquo;un membre du comit\u00e9 sera pr\u00e9sent pour vous accueillir, vous pouvez <a href=\"https:\/\/www.astro-ge.net\/?page_id=1963\" target=\"_blank\" rel=\"noopener noreferrer\"><strong>nous contacter<\/strong><\/a>.<\/p>\n\n\n\n<p>Une fois le bulletin rempli, le comit\u00e9 statuera alors sur votre demande et vous donnera une r\u00e9ponse.<\/p>\n\n\n\n<p>Apr\u00e8s validation par le comit\u00e9, vous recevrez un bulletin de versement par la poste.<\/p>\n\n\n\n<p>La qualit\u00e9 de membre n\u2019est d\u00e9\ufb01nitivement acquise qu\u2019apr\u00e8s paiement de la premi\u00e8re cotisation (article 12 de nos <strong><a href=\"https:\/\/www.astro-ge.net\/?page_id=459\" target=\"_blank\" rel=\"noopener noreferrer\">statuts<\/a><\/strong>).<\/p>\n\n\n\n<p><strong>Cotisation annuelle<\/strong><br>La cotisation annuelle de membre de la SAG est de :<br>\u2022&nbsp;&nbsp; &nbsp;35 CHF pour les juniors ou \u00e9tudiants jusqu&rsquo;\u00e0 25 ans,<br>\u2022&nbsp;&nbsp;&nbsp; 60 CHF pour les adultes (cotisation individuelle),<br>\u2022&nbsp;&nbsp;&nbsp; 90 CHF pour une famille demeurant \u00e0 la m\u00eame adresse.<\/p>\n\n\n\n<p><strong>Soci\u00e9t\u00e9 Astronomique de Suisse<br><\/strong>En \u00e9tant membre de notre soci\u00e9t\u00e9, vous faites automatiquement partie de la Soci\u00e9t\u00e9 Astronomique de Suisse : article 6 de nos <strong><a href=\"https:\/\/www.astro-ge.net\/?page_id=459\" target=\"_blank\" rel=\"noopener noreferrer\">statuts<\/a><\/strong>.<\/p>\n","protected":false},"excerpt":{"rendered":"<p>\ufeff Quels sont les b\u00e9n\u00e9fices d&rsquo;\u00eatre membre ?Liste de diffusion par emailSi vous le souhaitez, vous pouvez faire partie de notre liste de diffusion par e-mail. Cette liste vous permet de : \u00eatre en relation avec l&rsquo;ensemble de nos membres. &hellip; <a href=\"https:\/\/www.astro-ge.net\/?page_id=1011\">Continuer la lecture <span class=\"meta-nav\">&rarr;<\/span><\/a><\/p>\n","protected":false},"author":11,"featured_media":0,"parent":5,"menu_order":0,"comment_status":"closed","ping_status":"closed","template":"","meta":{"footnotes":""},"class_list":["post-1011","page","type-page","status-publish","hentry"],"_links":{"self":[{"href":"https:\/\/www.astro-ge.net\/index.php?rest_route=\/wp\/v2\/pages\/1011","targetHints":{"allow":["GET"]}}],"collection":[{"href":"https:\/\/www.astro-ge.net\/index.php?rest_route=\/wp\/v2\/pages"}],"about":[{"href":"https:\/\/www.astro-ge.net\/index.php?rest_route=\/wp\/v2\/types\/page"}],"author":[{"embeddable":true,"href":"https:\/\/www.astro-ge.net\/index.php?rest_route=\/wp\/v2\/users\/11"}],"replies":[{"embeddable":true,"href":"https:\/\/www.astro-ge.net\/index.php?rest_route=%2Fwp%2Fv2%2Fcomments&post=1011"}],"version-history":[{"count":0,"href":"https:\/\/www.astro-ge.net\/index.php?rest_route=\/wp\/v2\/pages\/1011\/revisions"}],"up":[{"embeddable":true,"href":"https:\/\/www.astro-ge.net\/index.php?rest_route=\/wp\/v2\/pages\/5"}],"wp:attachment":[{"href":"https:\/\/www.astro-ge.net\/index.php?rest_route=%2Fwp%2Fv2%2Fmedia&parent=1011"}],"curies":[{"name":"wp","href":"https:\/\/api.w.org\/{rel}","templated":true}]}}