{"id":1332,"date":"2014-09-04T16:49:21","date_gmt":"2014-09-04T15:49:21","guid":{"rendered":"http:\/\/www.astro-ge.net\/?page_id=1332"},"modified":"2023-07-19T08:04:44","modified_gmt":"2023-07-19T07:04:44","slug":"about-sag-in-english","status":"publish","type":"page","link":"https:\/\/www.astro-ge.net\/?page_id=1332","title":{"rendered":"SAG in English"},"content":{"rendered":"\n<iframe loading=\"lazy\" style=\"border: none; overflow: hidden; height: 40px;\" src=\"\/\/www.facebook.com\/plugins\/like.php?href=http%3A%2F%2Fwww.astro-ge.net%2F%3Fpage_id%3D1332&amp;width&amp;layout=standard&amp;action=like&amp;show_faces=true&amp;share=true&amp;height=40\" scrolling=\"no\" width=\"300\" height=\"150\" frameborder=\"0\"><span style=\"display: inline-block; width: 0px; overflow: hidden; line-height: 0;\" data-mce-type=\"bookmark\" class=\"mce_SELRES_start\">\ufeff<\/span><\/iframe>\n\n\n\n<p><strong>About our society<\/strong><br><span style=\"color: #000000;\">The Geneva&nbsp;Astronomy Society (acronym SAG which stands for the Soci\u00e9t\u00e9 Astronomique de Gen\u00e8ve) was founded in 1923 and is an active club for stargazers.<\/span><br><span style=\"color: #000000;\">&nbsp;<\/span><br><span style=\"color: #000000;\">The club is housed not far from Cornavin train station in Geneva.&nbsp; Members meet once a week for activities such as observations, documentaries, presentations and discussions.&nbsp; The SAG subscribes to several astronomy magazines and has an interesting library.&nbsp; It also owns several telescopes and has a small observatory near St. Cergue.&nbsp; <\/span><br><span style=\"color: #000000;\">&nbsp;<\/span><br><span style=\"color: #000000;\">The SAG welcomes all astronomers from beginners to experts to join its club activities.<\/span><br><span style=\"color: #000000;\">&nbsp;<\/span><br><span style=\"color: #000000;\">If you are interested, please contact the SAG&nbsp;at this <a rel=\"noopener noreferrer\" href=\"mailto:info@astro-ge.net?Subject=Soci\u00e9t\u00e9 Astronomique de Gen\u00e8ve in English\" target=\"_blank\">link<\/a>.<\/span><\/p>\n\n\n\n<p><strong>Address<\/strong><br>Soci\u00e9t\u00e9 Astronomique de Gen\u00e8ve (SAG)<br>Rue des Terreaux du Temple 6<br>CH-1201 Geneva<br>4th floor <\/p>\n\n\n\n<p><strong>How to find the clubhouse<\/strong><br>Scroll through the interphone list of occupants of the building and find<br>\u00ab\u00a0Soci\u00e9t\u00e9 <strong>sa<\/strong>tronomique de Gen\u00e8ve\u00a0\u00bb (there is an error in the spelling!)<\/p>\n\n\n\n<p><strong>Telephone<\/strong><br>Here is the number of our offices:<br>076 510 25 17 from Switzerland \/ +41 76 510 25 17 from abroad<br>Vocal messages will not be checked.<\/p>\n\n\n\n<p><strong>E-mail<\/strong><br><span class=\"skype_c2c_print_container skype_c2c notranslate\">At other times, it is recommended you contact the SAG by e-mail.<br>Voicemail is never checked.<\/span><\/p>\n\n\n\n<figure class=\"wp-block-image\"><a href=\"mailto:info@astro-ge.net\" target=\"_blank\" rel=\"noopener noreferrer\"><img loading=\"lazy\" decoding=\"async\" width=\"120\" height=\"45\" src=\"https:\/\/www.astro-ge.net\/wordpress\/wp-content\/uploads\/2014\/09\/index.png\" alt=\"index\" class=\"wp-image-1448\"\/><\/a><\/figure>\n\n\n\n<p><strong><span class=\"skype_c2c_print_container skype_c2c notranslate\">Where to find our members<\/span><\/strong><br><span class=\"skype_c2c_print_container skype_c2c notranslate\">See the programme of activities <\/span><span style=\"text-decoration: underline;\"><strong><a title=\"Programme d'activit\u00e9s\" href=\"https:\/\/www.astro-ge.net\/?page_id=772\" target=\"_blank\" rel=\"noopener noreferrer\">here<\/a><\/strong><\/span><\/p>\n\n\n\n<p><strong>Observation site at the Signal de Bernex<\/strong><br>Here is a <strong><a href=\"https:\/\/maps.google.com\/maps?q=46.169169,6.068852&amp;num=1&amp;t=h&amp;z=17&amp;iwloc=A\" target=\"_blank\" rel=\"noopener noreferrer\">link<\/a><\/strong> showing how to get to the site<\/p>\n\n\n\n<p><strong><span class=\"skype_c2c_print_container skype_c2c notranslate\">Social Network:<\/span><\/strong><br><span class=\"skype_c2c_print_container skype_c2c notranslate\">The SAG can also be found on<\/span> :<\/p>\n\n\n\n<ul class=\"wp-block-list\">\n<li><span class=\"skype_c2c_print_container skype_c2c notranslate\"><strong><a title=\"Facebook Soci\u00e9t\u00e9 Astronomique de Gen\u00e8ve\" rel=\"noopener noreferrer\" href=\"https:\/\/www.facebook.com\/societeastronomiquegeneve\" target=\"_blank\">Facebook<\/a><\/strong><\/span><\/li>\n\n\n\n<li><span class=\"skype_c2c_print_container skype_c2c notranslate\"><strong><a title=\"Twitter Soci\u00e9t\u00e9 Astronomique de Gen\u00e8ve\" rel=\"noopener noreferrer\" href=\"https:\/\/twitter.com\/astro_ge\" target=\"_blank\">Twitter<\/a><\/strong><\/span><\/li>\n<\/ul>\n","protected":false},"excerpt":{"rendered":"<p>\ufeff About our societyThe Geneva&nbsp;Astronomy Society (acronym SAG which stands for the Soci\u00e9t\u00e9 Astronomique de Gen\u00e8ve) was founded in 1923 and is an active club for stargazers.&nbsp;The club is housed not far from Cornavin train station in Geneva.&nbsp; Members meet &hellip; <a href=\"https:\/\/www.astro-ge.net\/?page_id=1332\">Continuer la lecture <span class=\"meta-nav\">&rarr;<\/span><\/a><\/p>\n","protected":false},"author":11,"featured_media":0,"parent":481,"menu_order":4,"comment_status":"closed","ping_status":"closed","template":"","meta":{"footnotes":""},"class_list":["post-1332","page","type-page","status-publish","hentry"],"_links":{"self":[{"href":"https:\/\/www.astro-ge.net\/index.php?rest_route=\/wp\/v2\/pages\/1332","targetHints":{"allow":["GET"]}}],"collection":[{"href":"https:\/\/www.astro-ge.net\/index.php?rest_route=\/wp\/v2\/pages"}],"about":[{"href":"https:\/\/www.astro-ge.net\/index.php?rest_route=\/wp\/v2\/types\/page"}],"author":[{"embeddable":true,"href":"https:\/\/www.astro-ge.net\/index.php?rest_route=\/wp\/v2\/users\/11"}],"replies":[{"embeddable":true,"href":"https:\/\/www.astro-ge.net\/index.php?rest_route=%2Fwp%2Fv2%2Fcomments&post=1332"}],"version-history":[{"count":0,"href":"https:\/\/www.astro-ge.net\/index.php?rest_route=\/wp\/v2\/pages\/1332\/revisions"}],"up":[{"embeddable":true,"href":"https:\/\/www.astro-ge.net\/index.php?rest_route=\/wp\/v2\/pages\/481"}],"wp:attachment":[{"href":"https:\/\/www.astro-ge.net\/index.php?rest_route=%2Fwp%2Fv2%2Fmedia&parent=1332"}],"curies":[{"name":"wp","href":"https:\/\/api.w.org\/{rel}","templated":true}]}}