{"id":4336,"date":"2023-02-02T08:27:37","date_gmt":"2023-02-02T07:27:37","guid":{"rendered":"https:\/\/www.astro-ge.net\/?page_id=4336"},"modified":"2025-09-25T15:00:49","modified_gmt":"2025-09-25T13:00:49","slug":"presentations","status":"publish","type":"page","link":"https:\/\/www.astro-ge.net\/?page_id=4336","title":{"rendered":"Pr\u00e9sentations"},"content":{"rendered":"\n<p><strong>Le ciel d&rsquo;automne 2025<\/strong><\/p>\n\n\n\n<div data-wp-interactive=\"core\/file\" class=\"wp-block-file\"><object data-wp-bind--hidden=\"!state.hasPdfPreview\" hidden class=\"wp-block-file__embed\" data=\"https:\/\/www.astro-ge.net\/wordpress\/wp-content\/uploads\/2025\/09\/Ciel_d_automne_2025.pdf\" type=\"application\/pdf\" style=\"width:100%;height:600px\" aria-label=\"Contenu embarqu\u00e9 Ciel_d_automne_2025.\"><\/object><a id=\"wp-block-file--media-756e102a-de80-4b32-96ff-2ab47a78245d\" href=\"https:\/\/www.astro-ge.net\/wordpress\/wp-content\/uploads\/2025\/09\/Ciel_d_automne_2025.pdf\">Ciel_d_automne_2025<\/a><a href=\"https:\/\/www.astro-ge.net\/wordpress\/wp-content\/uploads\/2025\/09\/Ciel_d_automne_2025.pdf\" class=\"wp-block-file__button wp-element-button\" download aria-describedby=\"wp-block-file--media-756e102a-de80-4b32-96ff-2ab47a78245d\">T\u00e9l\u00e9charger<\/a><\/div>\n\n\n\n<hr class=\"wp-block-separator has-alpha-channel-opacity\"\/>\n\n\n\n<p><strong>Observez les fr\u00e8res et s\u0153urs du Soleil<\/strong><\/p>\n\n\n\n<div data-wp-interactive=\"core\/file\" class=\"wp-block-file\"><object data-wp-bind--hidden=\"!state.hasPdfPreview\" hidden class=\"wp-block-file__embed\" data=\"https:\/\/www.astro-ge.net\/wordpress\/wp-content\/uploads\/2025\/09\/Les_freres_et_soeurs_du_Soleil.pdf\" type=\"application\/pdf\" style=\"width:100%;height:600px\" aria-label=\"Contenu embarqu\u00e9 Les_freres_et_soeurs_du_Soleil.\"><\/object><a id=\"wp-block-file--media-4e9a0e6d-9f8d-4a53-8ece-3ae32560a8d6\" href=\"https:\/\/www.astro-ge.net\/wordpress\/wp-content\/uploads\/2025\/09\/Les_freres_et_soeurs_du_Soleil.pdf\">Les_freres_et_soeurs_du_Soleil<\/a><a href=\"https:\/\/www.astro-ge.net\/wordpress\/wp-content\/uploads\/2025\/09\/Les_freres_et_soeurs_du_Soleil.pdf\" class=\"wp-block-file__button wp-element-button\" download aria-describedby=\"wp-block-file--media-4e9a0e6d-9f8d-4a53-8ece-3ae32560a8d6\">T\u00e9l\u00e9charger<\/a><\/div>\n\n\n\n<hr class=\"wp-block-separator has-alpha-channel-opacity\"\/>\n\n\n\n<p><strong>Les balades de Messier<\/strong><\/p>\n\n\n\n<div data-wp-interactive=\"core\/file\" class=\"wp-block-file\"><object data-wp-bind--hidden=\"!state.hasPdfPreview\" hidden class=\"wp-block-file__embed\" data=\"https:\/\/www.astro-ge.net\/wordpress\/wp-content\/uploads\/2025\/04\/Les-11-Balades-de-Messier-Avril-a-Fevrier.pdf\" type=\"application\/pdf\" style=\"width:100%;height:600px\" aria-label=\"Contenu embarqu\u00e9 Les 11 Balades de Messier - Avril \u00e0 F\u00e9vrier.\"><\/object><a id=\"wp-block-file--media-021711b1-f10c-4d51-ae7f-a2b1ff3d1ec8\" href=\"https:\/\/www.astro-ge.net\/wordpress\/wp-content\/uploads\/2025\/04\/Les-11-Balades-de-Messier-Avril-a-Fevrier.pdf\">Les 11 Balades de Messier &#8211; Avril \u00e0 F\u00e9vrier<\/a><a href=\"https:\/\/www.astro-ge.net\/wordpress\/wp-content\/uploads\/2025\/04\/Les-11-Balades-de-Messier-Avril-a-Fevrier.pdf\" class=\"wp-block-file__button wp-element-button\" download aria-describedby=\"wp-block-file--media-021711b1-f10c-4d51-ae7f-a2b1ff3d1ec8\">T\u00e9l\u00e9charger<\/a><\/div>\n\n\n\n<div data-wp-interactive=\"core\/file\" class=\"wp-block-file\"><object data-wp-bind--hidden=\"!state.hasPdfPreview\" hidden class=\"wp-block-file__embed\" data=\"https:\/\/www.astro-ge.net\/wordpress\/wp-content\/uploads\/2025\/04\/Les-11-Balades-de-Messier-CROAs-Avril-a-Fevrier.pdf\" type=\"application\/pdf\" style=\"width:100%;height:600px\" aria-label=\"Contenu embarqu\u00e9 Les 11 Balades de Messier - CROAs - Avril \u00e0 F\u00e9vrier.\"><\/object><a id=\"wp-block-file--media-abcf0eb6-6780-4450-8b21-e70643f2456e\" href=\"https:\/\/www.astro-ge.net\/wordpress\/wp-content\/uploads\/2025\/04\/Les-11-Balades-de-Messier-CROAs-Avril-a-Fevrier.pdf\">Les 11 Balades de Messier &#8211; CROAs &#8211; Avril \u00e0 F\u00e9vrier<\/a><a href=\"https:\/\/www.astro-ge.net\/wordpress\/wp-content\/uploads\/2025\/04\/Les-11-Balades-de-Messier-CROAs-Avril-a-Fevrier.pdf\" class=\"wp-block-file__button wp-element-button\" download aria-describedby=\"wp-block-file--media-abcf0eb6-6780-4450-8b21-e70643f2456e\">T\u00e9l\u00e9charger<\/a><\/div>\n\n\n\n<hr class=\"wp-block-separator has-alpha-channel-opacity\"\/>\n\n\n\n<p><strong>Le sprint de Herschel<\/strong><\/p>\n\n\n\n<div data-wp-interactive=\"core\/file\" class=\"wp-block-file\"><object data-wp-bind--hidden=\"!state.hasPdfPreview\" hidden class=\"wp-block-file__embed\" data=\"https:\/\/www.astro-ge.net\/wordpress\/wp-content\/uploads\/2025\/04\/Le-Sprint-de-Herschel-de-la-SAG.pdf\" type=\"application\/pdf\" style=\"width:100%;height:600px\" aria-label=\"Contenu embarqu\u00e9 Le Sprint de Herschel de la SAG.\"><\/object><a id=\"wp-block-file--media-41986833-f732-43e9-9ac2-980f058c5240\" href=\"https:\/\/www.astro-ge.net\/wordpress\/wp-content\/uploads\/2025\/04\/Le-Sprint-de-Herschel-de-la-SAG.pdf\">Le Sprint de Herschel de la SAG<\/a><a href=\"https:\/\/www.astro-ge.net\/wordpress\/wp-content\/uploads\/2025\/04\/Le-Sprint-de-Herschel-de-la-SAG.pdf\" class=\"wp-block-file__button wp-element-button\" download aria-describedby=\"wp-block-file--media-41986833-f732-43e9-9ac2-980f058c5240\">T\u00e9l\u00e9charger<\/a><\/div>\n\n\n\n<div data-wp-interactive=\"core\/file\" class=\"wp-block-file\"><object data-wp-bind--hidden=\"!state.hasPdfPreview\" hidden class=\"wp-block-file__embed\" data=\"https:\/\/www.astro-ge.net\/wordpress\/wp-content\/uploads\/2025\/04\/Le-Sprint-de-Herschel-de-la-SAG-CROAs.pdf\" type=\"application\/pdf\" style=\"width:100%;height:600px\" aria-label=\"Contenu embarqu\u00e9 Le Sprint de Herschel de la SAG - CROAs.\"><\/object><a id=\"wp-block-file--media-eb73d873-d9d1-4552-b973-d884b004083e\" href=\"https:\/\/www.astro-ge.net\/wordpress\/wp-content\/uploads\/2025\/04\/Le-Sprint-de-Herschel-de-la-SAG-CROAs.pdf\">Le Sprint de Herschel de la SAG &#8211; CROAs<\/a><a href=\"https:\/\/www.astro-ge.net\/wordpress\/wp-content\/uploads\/2025\/04\/Le-Sprint-de-Herschel-de-la-SAG-CROAs.pdf\" class=\"wp-block-file__button wp-element-button\" download aria-describedby=\"wp-block-file--media-eb73d873-d9d1-4552-b973-d884b004083e\">T\u00e9l\u00e9charger<\/a><\/div>\n\n\n\n<hr class=\"wp-block-separator has-alpha-channel-opacity\"\/>\n\n\n\n<p><strong>Marathon de Messier<\/strong><\/p>\n\n\n\n<p> Dans l\u2019optique du marathon de Messier pr\u00e9vu le 09 mars 2024, voici 3  documents ci-dessous afin d\u2019effectuer ce marathon astronomique. Vous  pouvez les t\u00e9l\u00e9charger en cliquant sur le bouton \u201cT\u00e9l\u00e9charger\u201d qui se  trouve en au-dessous de chaque document.<\/p>\n\n\n\n<div data-wp-interactive=\"core\/file\" class=\"wp-block-file\"><object data-wp-bind--hidden=\"!state.hasPdfPreview\" hidden class=\"wp-block-file__embed\" data=\"https:\/\/www.astro-ge.net\/wordpress\/wp-content\/uploads\/2024\/03\/2024_Messier_Marathon.pdf\" type=\"application\/pdf\" style=\"width:100%;height:600px\" aria-label=\"Contenu embarqu\u00e9 2024_Messier_Marathon.\"><\/object><a id=\"wp-block-file--media-cf97136c-b4d2-45a0-8f87-3a64aba6b69f\" href=\"https:\/\/www.astro-ge.net\/wordpress\/wp-content\/uploads\/2024\/03\/2024_Messier_Marathon.pdf\">2024_Messier_Marathon<\/a><a href=\"https:\/\/www.astro-ge.net\/wordpress\/wp-content\/uploads\/2024\/03\/2024_Messier_Marathon.pdf\" class=\"wp-block-file__button wp-element-button\" download aria-describedby=\"wp-block-file--media-cf97136c-b4d2-45a0-8f87-3a64aba6b69f\">T\u00e9l\u00e9charger<\/a><\/div>\n\n\n\n<div data-wp-interactive=\"core\/file\" class=\"wp-block-file\"><object data-wp-bind--hidden=\"!state.hasPdfPreview\" hidden class=\"wp-block-file__embed\" data=\"https:\/\/www.astro-ge.net\/wordpress\/wp-content\/uploads\/2024\/03\/2024_Guide_du_Marathon_de_Messier_de_la_SAG_avec_charts_-_compressed.pdf\" type=\"application\/pdf\" style=\"width:100%;height:800px\" aria-label=\"Contenu embarqu\u00e9 2024_Guide_du_Marathon_de_Messier_de_la_SAG_avec_charts_-_compressed.\"><\/object><a id=\"wp-block-file--media-28122337-4d71-4037-9119-c17034277783\" href=\"https:\/\/www.astro-ge.net\/wordpress\/wp-content\/uploads\/2024\/03\/2024_Guide_du_Marathon_de_Messier_de_la_SAG_avec_charts_-_compressed.pdf\">2024_Guide_du_Marathon_de_Messier_de_la_SAG_avec_charts_-_compressed<\/a><a href=\"https:\/\/www.astro-ge.net\/wordpress\/wp-content\/uploads\/2024\/03\/2024_Guide_du_Marathon_de_Messier_de_la_SAG_avec_charts_-_compressed.pdf\" class=\"wp-block-file__button wp-element-button\" download aria-describedby=\"wp-block-file--media-28122337-4d71-4037-9119-c17034277783\">T\u00e9l\u00e9charger<\/a><\/div>\n\n\n\n<div data-wp-interactive=\"core\/file\" class=\"wp-block-file\"><object data-wp-bind--hidden=\"!state.hasPdfPreview\" hidden class=\"wp-block-file__embed\" data=\"https:\/\/www.astro-ge.net\/wordpress\/wp-content\/uploads\/2024\/03\/2024_Check_list_pour_le_Marathon_de_Messier_de_la_SAG_2024.pdf\" type=\"application\/pdf\" style=\"width:100%;height:600px\" aria-label=\"Contenu embarqu\u00e9 2024_Check_list_pour_le_Marathon_de_Messier_de_la_SAG_2024.\"><\/object><a id=\"wp-block-file--media-82ae5fd3-8e03-47b3-b7c8-8c8912c8024d\" href=\"https:\/\/www.astro-ge.net\/wordpress\/wp-content\/uploads\/2024\/03\/2024_Check_list_pour_le_Marathon_de_Messier_de_la_SAG_2024.pdf\">2024_Check_list_pour_le_Marathon_de_Messier_de_la_SAG_2024<\/a><a href=\"https:\/\/www.astro-ge.net\/wordpress\/wp-content\/uploads\/2024\/03\/2024_Check_list_pour_le_Marathon_de_Messier_de_la_SAG_2024.pdf\" class=\"wp-block-file__button wp-element-button\" download aria-describedby=\"wp-block-file--media-82ae5fd3-8e03-47b3-b7c8-8c8912c8024d\">T\u00e9l\u00e9charger<\/a><\/div>\n\n\n\n<hr class=\"wp-block-separator has-alpha-channel-opacity\"\/>\n\n\n\n<p><strong>Marathon de Messier<\/strong><\/p>\n\n\n\n<p>Dans l&rsquo;optique du marathon de Messier pr\u00e9vu durant le 1er trimestre 2023, voici la pr\u00e9sentation et un document (\u00e0 la fois au format PDF et XLS) mis \u00e0 disposition afin d&rsquo;effectuer ce marathon astronomique:<\/p>\n\n\n\n<div data-wp-interactive=\"core\/file\" class=\"wp-block-file\"><object data-wp-bind--hidden=\"!state.hasPdfPreview\" hidden class=\"wp-block-file__embed\" data=\"https:\/\/www.astro-ge.net\/wordpress\/wp-content\/uploads\/2023\/02\/Messier-Marathon-de-la-SAG-2023.pdf\" type=\"application\/pdf\" style=\"width:100%;height:600px\" aria-label=\"Contenu embarqu\u00e9 Messier-Marathon-de-la-SAG-2023.\"><\/object><a id=\"wp-block-file--media-a46165df-8954-4737-8539-42863b566a85\" href=\"https:\/\/www.astro-ge.net\/wordpress\/wp-content\/uploads\/2023\/02\/Messier-Marathon-de-la-SAG-2023.pdf\">Messier-Marathon-de-la-SAG-2023<\/a><a href=\"https:\/\/www.astro-ge.net\/wordpress\/wp-content\/uploads\/2023\/02\/Messier-Marathon-de-la-SAG-2023.pdf\" class=\"wp-block-file__button wp-element-button\" download aria-describedby=\"wp-block-file--media-a46165df-8954-4737-8539-42863b566a85\">T\u00e9l\u00e9charger<\/a><\/div>\n\n\n\n<p>Table avec l&rsquo;ordre d&rsquo;observation des objets (format PDF):<\/p>\n\n\n\n<div data-wp-interactive=\"core\/file\" class=\"wp-block-file\"><object data-wp-bind--hidden=\"!state.hasPdfPreview\" hidden class=\"wp-block-file__embed\" data=\"https:\/\/www.astro-ge.net\/wordpress\/wp-content\/uploads\/2023\/02\/Check-list-pour-le-Marathon-de-Messier-de-la-SAG-2023.pdf\" type=\"application\/pdf\" style=\"width:100%;height:600px\" aria-label=\"Contenu embarqu\u00e9 Check-list-pour-le-Marathon-de-Messier-de-la-SAG-2023.\"><\/object><a id=\"wp-block-file--media-64a27550-2e10-4d31-8e27-be4de4d82f61\" href=\"https:\/\/www.astro-ge.net\/wordpress\/wp-content\/uploads\/2023\/02\/Check-list-pour-le-Marathon-de-Messier-de-la-SAG-2023.pdf\">Check-list-pour-le-Marathon-de-Messier-de-la-SAG-2023<\/a><a href=\"https:\/\/www.astro-ge.net\/wordpress\/wp-content\/uploads\/2023\/02\/Check-list-pour-le-Marathon-de-Messier-de-la-SAG-2023.pdf\" class=\"wp-block-file__button wp-element-button\" download aria-describedby=\"wp-block-file--media-64a27550-2e10-4d31-8e27-be4de4d82f61\">T\u00e9l\u00e9charger<\/a><\/div>\n\n\n\n<p>Table avec l&rsquo;ordre d&rsquo;observation des objets (format XLS):<\/p>\n\n\n\n<div class=\"wp-block-file\"><a id=\"wp-block-file--media-849df61b-6aea-455d-945f-335dae1fbf75\" href=\"https:\/\/www.astro-ge.net\/wordpress\/wp-content\/uploads\/2023\/02\/Check-list-pour-le-Marathon-de-Messier-de-la-SAG-2023.xlsx\">Check-list-pour-le-Marathon-de-Messier-de-la-SAG-2023<\/a><a href=\"https:\/\/www.astro-ge.net\/wordpress\/wp-content\/uploads\/2023\/02\/Check-list-pour-le-Marathon-de-Messier-de-la-SAG-2023.xlsx\" class=\"wp-block-file__button wp-element-button\" download aria-describedby=\"wp-block-file--media-849df61b-6aea-455d-945f-335dae1fbf75\">T\u00e9l\u00e9charger<\/a><\/div>\n","protected":false},"excerpt":{"rendered":"<p>Le ciel d&rsquo;automne 2025 Observez les fr\u00e8res et s\u0153urs du Soleil Les balades de Messier Le sprint de Herschel Marathon de Messier Dans l\u2019optique du marathon de Messier pr\u00e9vu le 09 mars 2024, voici 3 documents ci-dessous afin d\u2019effectuer ce &hellip; <a href=\"https:\/\/www.astro-ge.net\/?page_id=4336\">Continuer la lecture <span class=\"meta-nav\">&rarr;<\/span><\/a><\/p>\n","protected":false},"author":11,"featured_media":0,"parent":1560,"menu_order":3,"comment_status":"closed","ping_status":"closed","template":"","meta":{"footnotes":""},"class_list":["post-4336","page","type-page","status-publish","hentry"],"_links":{"self":[{"href":"https:\/\/www.astro-ge.net\/index.php?rest_route=\/wp\/v2\/pages\/4336","targetHints":{"allow":["GET"]}}],"collection":[{"href":"https:\/\/www.astro-ge.net\/index.php?rest_route=\/wp\/v2\/pages"}],"about":[{"href":"https:\/\/www.astro-ge.net\/index.php?rest_route=\/wp\/v2\/types\/page"}],"author":[{"embeddable":true,"href":"https:\/\/www.astro-ge.net\/index.php?rest_route=\/wp\/v2\/users\/11"}],"replies":[{"embeddable":true,"href":"https:\/\/www.astro-ge.net\/index.php?rest_route=%2Fwp%2Fv2%2Fcomments&post=4336"}],"version-history":[{"count":0,"href":"https:\/\/www.astro-ge.net\/index.php?rest_route=\/wp\/v2\/pages\/4336\/revisions"}],"up":[{"embeddable":true,"href":"https:\/\/www.astro-ge.net\/index.php?rest_route=\/wp\/v2\/pages\/1560"}],"wp:attachment":[{"href":"https:\/\/www.astro-ge.net\/index.php?rest_route=%2Fwp%2Fv2%2Fmedia&parent=4336"}],"curies":[{"name":"wp","href":"https:\/\/api.w.org\/{rel}","templated":true}]}}